et r be s(m). What is the highest common factor of r and 13?
13
Let d = -58 - -364. Calculate the greatest common factor of d and 18.
18
Suppose 7*c + 35 = 2*c - 5*w, 9 = -c + w. Let h be (-2 - c)*(-8)/(-6). Let b be (-1 - -17)*12*(-8)/(-24). Calculate the greatest common divisor of h and b.
8
Suppose 0 = 3*k - 107 - 181. What is the greatest common divisor of 3 and k?
3
Let m be 18/(-5) + -2 - (-4)/(-10). Let i be (-18 + -2)*m/10. Suppose 2*z = -r - 0*z + 86, 4*z = 3*r - 308. What is the greatest common divisor of r and i?
12
Suppose 0*p + 3*p + 18 = 0. Let x(v) be the first derivative of -5*v**2/2 - 14*v - 13. Let o be x(p). Calculate the highest common divisor of 16 and o.
16
Let o(n) = 11*n**2 - 9*n + 19. Let c be o(3). Calculate the greatest common divisor of 7 and c.
7
Suppose 3*g - b = -2*b + 16, 0 = -5*g - b + 24. Let w be (-1 + (-33)/(-15))*5. Suppose -w = g*i - 26. What is the greatest common factor of 25 and i?
5
Let c be -29 - 1*20/(-5). Let n be (-6)/(-10)*c/(-1). Let p(t) = 29*t**2 + t + 2. Let d be p(2). What is the highest common factor of n and d?
15
Let c be 195/15 - (-6)/2. Suppose c = 3*u + u. Suppose 16 = u*a, -2*a = 2*f + 3*a - 24. What is the greatest common divisor of f and 3?
1
Let l = 250 + -239. What is the greatest common factor of l and 77?
11
Let j be (556/6)/2 + (-1)/3. Calculate the highest common factor of 506 and j.
46
Let f be -1 + 48 - -4 - -4. Let b = f - 45. Calculate the highest common divisor of 2 and b.
2
Suppose -4*m = -2*k + 40, -5*m = k + 1 - 14. Let v(x) = -x**2 - 9*x - 8. Let f be v(-7). Calculate the highest common divisor of f and k.
6
Suppose -6*u - 16 = -10*u. Let w = 122 + -22. Suppose -5*i = -2*f - 112, w = 5*i - 5*f - 0*f. Calculate the highest common divisor of u and i.
4
Let k be 34/3*(-6)/(-4). Let n be 3008/136 + (-2)/k. Suppose 0 = -2*d + 4*d - 66. Calculate the highest common divisor of d and n.
11
Let p(a) = -14 + 4 - 6 + 2*a - 13*a. Let f be p(-8). Let b be (-327)/(-18) - 3/18. What is the greatest common divisor of b and f?
18
Let g be (27/(-54))/((-1)/1640). What is the greatest common factor of g and 5?
5
Let h(s) = s**3 + 6*s**2 - 14*s - 30. Let x be h(-7). What is the highest common factor of 95 and x?
19
Let b = -192 + 240. What is the greatest common divisor of 32 and b?
16
Suppose -5*g + 2*g + 2*n = -604, n - 798 = -4*g. What is the highest common divisor of 30 and g?
10
Let l(q) = q + 3. Let f be l(-8). Let t(o) = o**2 + 6*o - 1. Let k be t(f). Let m = 9 + k. What is the greatest common divisor of 27 and m?
3
Suppose -5*y + 581 = 2*x, -x = -4*y - y + 587. Calculate the greatest common divisor of 13 and y.
13
Suppose 15 = -3*l, -2*y + 3*l - 5*l - 8 = 0. Let v be (39/(-5))/(6/(-5) + y). What is the highest common divisor of 3 and v?
3
Let y be 16/12*3 - -52. Suppose -2*a + 5*x - 4 = 0, -4 = 4*a - 7*a + 5*x. What is the highest common factor of y and a?
8
Let q be (3 - 1)/(4/(-6)). Let t be (-80)/q + (-4)/6. Let g be (-7 - -2)/(50/52 + -1). What is the highest common factor of g and t?
26
Let l(m) = 37*m. Let b be l(-1). Let p = 41 + b. Calculate the greatest common divisor of p and 36.
4
Suppose -12*y = 334 - 3046. What is the greatest common factor of 791 and y?
113
Let r be 9/6 + 36/8 + -1. Suppose -r*y = -o + 55, -2*o + 241 = 2*o + y. What is the highest common factor of 40 and o?
20
Let c(r) be the third derivative of 7*r**4/24 - r**3/3 - 7*r**2. Suppose 0 = -o + 2 + 2. Let m be c(o). What is the greatest common factor of m and 65?
13
Let q(a) = a**2 - 5*a + 1. Let l be q(6). Suppose -5*s = -l*s + 28. Let h be (-8)/28 + (-198)/(-7). What is the highest common divisor of s and h?
14
Let p(f) = 7*f**2 - 209*f + 195. Let d be p(29). Suppose h - 4 = -2*i + 101, 0 = -h + 5*i + 105. What is the greatest common divisor of h and d?
21
Suppose 862 - 17872 = -9*h. What is the highest common divisor of h and 70?
70
Let r be (-12)/(-2) + (1373 - -2 - 6). What is the greatest common divisor of r and 55?
55
Let l = -287 + 533. Calculate the greatest common divisor of 6 and l.
6
Suppose 0 = -5*x + 52 + 43. What is the highest common divisor of 76 and x?
19
Let o be ((-2)/(-8))/((-2)/(-16)). Suppose -3*j + 2*j + 3*l = -106, -3*j + 283 = -o*l. Calculate the highest common factor of j and 13.
13
Suppose -4*s + g + 201 + 152 = 0, -3*s = -4*g - 268. Let b = 267 - 47. Calculate the greatest common divisor of s and b.
44
Let p(n) = n**3 - n**2 - 8*n + 2. Let o be p(3). Let c be (1 - (-7)/(-5))/(o/280). Calculate the highest common factor of 4 and c.
4
Suppose -5*v = 3*q - 785, 3*v - 10*q = -7*q + 447. Calculate the greatest common factor of 44 and v.
22
Suppose 3*d = 5*d - 40. Calculate the greatest common divisor of 130 and d.
10
Suppose -460 = 50*r - 55*r. What is the greatest common divisor of r and 4?
4
Let h be 259/21 + 2*(-3)/18. Calculate the greatest common divisor of 240 and h.
12
Suppose 18 - 4 = 2*d. Let y(w) = w - 5. Let z be y(d). Suppose -4*j = -3*r - 39, -5*j - 2*r + 5 = 3*r. Calculate the greatest common divisor of z and j.
2
Suppose -u + 3*u = 54. Let b = -30 + 52. Suppose 0 = -b*n + 26*n - 1188. What is the greatest common divisor of n and u?
27
Let j(v) = -v**2 + 3*v - 1. Let f be j(-6). Let l = 57 + f. Let x(y) = y + 6. Let a be x(-5). Calculate the highest common divisor of l and a.
1
Let j be 4 - (-3 + 2 - -5). Suppose j = -34*m + 36*m - 90. What is the greatest common factor of 15 and m?
15
Let o be (6 - 38)*(-4 + 3). What is the highest common divisor of 416 and o?
32
Let x(z) = 3*z. Let j be x(10). Suppose 0 = 5*w + 3*d - 58 + 4, 0 = -2*w + 3*d + j. What is the greatest common divisor of w and 84?
12
Let k(c) = c**2 - 10*c + 3. Let v be k(10). Suppose f + 10 = -v*i, -4*i = 3*f + 34 + 16. Let b = f - -23. Calculate the highest common factor of 5 and b.
1
Suppose 159 = h - 4*g, 3*g - g = 6. Let l be 7/21*57/1. What is the greatest common factor of h and l?
19
Let p = -625 + 1145. Calculate the greatest common factor of 65 and p.
65
Suppose 26 = -5*x - 64. Let r = 38 + x. Calculate the greatest common divisor of 4 and r.
4
Let w = -562 + 601. Calculate the greatest common factor of 13 and w.
13
Let v be 1/((-3 - -8)/10). Suppose 3*t - 4*q = 18, 4*t + v*q + 4 = -2*q. Let m = t - -12. Calculate the greatest common factor of 35 and m.
7
Let r(j) = j**3 - 3*j**2 - 2*j - 18. Let t be r(7). Calculate the highest common divisor of t and 41.
41
Let w = 164 + -161. Let s be ((-6)/4)/(9/(-372)). Suppose -w*i + 421 = -s. Calculate the highest common factor of i and 23.
23
Suppose 3*l - l = -4, -5*l - 15 = -d. Let f be 14/((d - 1)/4). What is the greatest common factor of 406 and f?
14
Let g(h) = -h + 6. Let p be g(2). Suppose 5*s + 169 = p*c, 0 = 4*c - 0*c + s - 139. Let q be 4/14 - 248/(-14). What is the highest common divisor of c and q?
18
Let k = -1542 + 1567. Calculate the greatest common divisor of 575 and k.
25
Suppose -8*z + 1296 = 4*z. Calculate the greatest common divisor of z and 4.
4
Suppose -r + 0*r = -85. Let t be (4/1)/(-4)*1. Let k be 2 + 7 - -5 - 3*t. What is the greatest common factor of k and r?
17
Let b(a) = -107*a + 14 + 102*a + 7. Let y(h) = -9*h + 43. Let p(i) = -7*b(i) + 4*y(i). Let f be p(6). What is the highest common divisor of f and 171?
19
Let f = 6 + -7. Let x be (-245)/(-15) + 1/(-3). Let n be (f + 8/4)*x. Calculate the greatest common factor of n and 64.
16
Let d(b) = 5*b + 1. Let f be d(1). Suppose -2*h = -h - f. Let l be (-2)/h + 248/24. What is the greatest common factor of 30 and l?
10
Let k = 2207 - 441. Suppose 0*m + 2*m = k. Suppose -u + 2*u - 5*x = 191, m = 5*u - x. What is the greatest common divisor of u and 22?
22
Let s(y) = -2*y**2 + 39*y - 42. Let r be s(18). What is the highest common divisor of 15 and r?
3
Suppose 2*q + 4*b - 124 = 0, 0 = -6*b + b - 25. Suppose 2*k - 3*k + 3 = 0, -5*m - 2*k + 51 = 0. Calculate the greatest common divisor of q and m.
9
Let x = -69 + 45. Let p be ((-8)/x)/((-1)/(-21)). Calculate the greatest common divisor of p and 7.
7
Let s be ((-234)/(-24) + -4)/(3/156). Calculate the greatest common divisor of 26 and s.
13
Let f(k) = 188*k**3 + k**2 - k + 1. Let y be f(1). Let s(b) = b**2 + 5. Let z be s(4). Calculate the greatest common divisor of y and z.
21
Suppose 21 - 6 = 2*m - 3*o, 4*m = -5*o + 19. Suppose 0